9?
89
Calculate the greatest common factor of 66 and 114.
6
Calculate the highest common factor of 6106 and 994.
142
Calculate the highest common divisor of 18 and 120.
6
What is the greatest common divisor of 8432 and 1736?
248
Calculate the highest common divisor of 230 and 322.
46
Calculate the highest common factor of 3784 and 88.
88
Calculate the highest common factor of 3 and 24.
3
Calculate the highest common divisor of 15 and 15585.
15
Calculate the greatest common divisor of 2398 and 110.
22
Calculate the greatest common divisor of 2639 and 2233.
203
Calculate the greatest common factor of 1036 and 196.
28
What is the greatest common factor of 20 and 5?
5
Calculate the highest common divisor of 266 and 126.
14
What is the highest common divisor of 36248 and 184?
184
What is the highest common divisor of 20 and 135?
5
Calculate the highest common divisor of 124 and 4.
4
Calculate the greatest common factor of 1240 and 30.
10
Calculate the greatest common divisor of 1196 and 117.
13
Calculate the highest common divisor of 17 and 5049.
17
What is the greatest common divisor of 48709 and 67?
67
What is the highest common divisor of 7 and 1?
1
Calculate the highest common divisor of 39 and 26.
13
What is the greatest common divisor of 124 and 16430?
62
Calculate the greatest common divisor of 10773 and 133.
133
Calculate the highest common divisor of 820 and 90.
10
Calculate the greatest common divisor of 189 and 14.
7
What is the greatest common factor of 57 and 95?
19
Calculate the highest common factor of 7571 and 113.
113
What is the highest common factor of 270 and 40?
10
Calculate the highest common divisor of 234 and 126.
18
Calculate the greatest common divisor of 104 and 1170.
26
Calculate the highest common divisor of 6 and 138.
6
Calculate the greatest common divisor of 1496 and 286.
22
Calculate the greatest common factor of 34 and 2006.
34
Calculate the highest common divisor of 85 and 102.
17
Calculate the highest common divisor of 356 and 267.
89
Calculate the greatest common factor of 16 and 808.
8
What is the greatest common factor of 20 and 21510?
10
Calculate the greatest common factor of 28 and 276.
4
Calculate the greatest common factor of 60 and 47860.
20
Calculate the highest common factor of 1 and 72.
1
What is the greatest common divisor of 119 and 1241?
17
Calculate the greatest common factor of 28 and 11886.
14
Calculate the highest common factor of 289 and 595.
17
Calculate the highest common divisor of 3890 and 60.
10
Calculate the greatest common factor of 327 and 1417.
109
Calculate the greatest common divisor of 240 and 150.
30
Calculate the greatest common divisor of 55 and 11.
11
What is the greatest common factor of 29 and 2059?
29
What is the highest common factor of 90 and 36?
18
Calculate the greatest common factor of 132 and 60.
12
What is the greatest common factor of 912 and 57?
57
Calculate the highest common divisor of 1104 and 48.
48
Calculate the highest common factor of 38 and 76.
38
What is the highest common divisor of 18 and 234?
18
Calculate the highest common divisor of 60 and 8160.
60
Calculate the highest common divisor of 13 and 2197.
13
What is the greatest common divisor of 918 and 51?
51
Calculate the greatest common factor of 112 and 16.
16
What is the greatest common divisor of 14 and 1015?
7
What is the greatest common divisor of 19 and 589?
19
Calculate the highest common divisor of 4205 and 145.
145
What is the greatest common divisor of 276 and 897?
69
What is the greatest common divisor of 322 and 17549?
161
What is the highest common divisor of 1884 and 324?
12
What is the highest common factor of 28 and 2492?
28
What is the greatest common factor of 11 and 2101?
11
Calculate the greatest common divisor of 95 and 16055.
95
What is the highest common factor of 184 and 84?
4
Calculate the greatest common divisor of 42042 and 98.
98
Calculate the greatest common factor of 412 and 19570.
206
Calculate the highest common factor of 4 and 50.
2
Calculate the highest common factor of 1098 and 18.
18
Calculate the highest common factor of 16 and 274.
2
What is the greatest common factor of 15 and 120?
15
Calculate the greatest common divisor of 2183 and 407.
37
Calculate the highest common divisor of 1292 and 476.
68
What is the highest common factor of 216 and 288?
72
What is the greatest common factor of 130 and 60645?
65
Calculate the greatest common divisor of 450 and 144.
18
What is the greatest common divisor of 57 and 57?
57
What is the highest common factor of 53 and 53?
53
What is the highest common divisor of 26 and 91?
13
Calculate the greatest common divisor of 66 and 374.
22
Calculate the greatest common factor of 26 and 2301.
13
Calculate the highest common divisor of 1 and 16.
1
Calculate the highest common factor of 96 and 132.
12
What is the greatest common divisor of 5665 and 22?
11
What is the greatest common factor of 193 and 1?
1
What is the greatest common factor of 13850 and 50?
50
What is the highest common factor of 292 and 219?
73
Calculate the greatest common divisor of 176 and 132.
44
Calculate the highest common divisor of 14863 and 1670.
167
What is the greatest common divisor of 948 and 1580?
316
Calculate the highest common factor of 16 and 244.
4
What is the greatest common divisor of 56 and 24?
8
What is the highest common factor of 775 and 310?
155
Calculate the greatest common divisor of 522 and 812.
58
Calculate the greatest common factor of 16 and 272.
16
Calculate the highest common divisor of 402 and 2.
2
What is the greatest common divisor of 90 and 144?
18
What is the highest common factor of 6 and 26?
2
What is the greatest common divisor of 24 and 2616?
24
What is the greatest common factor of 350 and 56?
14
What is the highest common divisor of 143 and 3113?
11
Calculate the highest common divisor of 84 and 4956.
84
Calculate the greatest common divisor of 1045 and 190.
95
What is the highest common divisor of 5986 and 146?
146
Calculate the greatest common factor of 36 and 212.
4
Calculate the highest common divisor of 16970 and 10.
10
Calculate the greatest common factor of 432 and 1404.
108
What is the greatest common factor of 60 and 660?
60
What is the highest common divisor of 64 and 208?
16
Calculate the highest common divisor of 154 and 168.
14
What is the highest common divisor of 1066 and 26?
26
What is the greatest common divisor of 36 and 300?
12
Calculate the highest common divisor of 84 and 189.
21
Calculate the highest common factor of 56 and 238.
14
What is the greatest common factor of 54 and 72?
18
What is the highest common factor of 90 and 3870?
90
What is the greatest common divisor of 328 and 8?
8
What is the greatest common divisor of 1305 and 135?
45
What is the highest common factor of 36 and 972?
36
Calculate the greatest common factor of 5472 and 171.
171
What is the greatest common divisor of 91 and 221?
13
What is the greatest common divisor of 138 and 5589?
69
What is the greatest common divisor of 96 and 1272?
24
Calculate the highest common divisor of 13 and 70369.
13
Calculate the highest common factor of 5 and 4.
1
What is the greatest common factor of 42 and 8582?
14
What is the greatest common factor of 679 and 7?
7
What is the greatest common factor of 14 and 70?
14
Calculate the highest common divisor of 161 and 253.
23
What is the greatest common factor of 116 and 1102?
58
What is the highest common divisor of 13 and 74113?
13
Calculate the highest common factor of 12848 and 99.
11
What is the highest common factor of 15 and 21?
3
What is the highest common factor of 444 and 24?
12
Calculate the greatest common factor of 399 and 1729.
133
What is the highest common factor of 12 and 27?
3
What is the highest common divisor of 28 and 196?
28
Calculate the highest common divisor of 896 and 238.
14
What is the greatest common factor of 1 and 4801?
1
What is the greatest common divisor of 252 and 84?
84
Calculate the greatest common divisor of 140 and 80.
20
Calculate the highest common divisor of 46 and 115.
23
What is the greatest common factor of 416 and 96?
32
Calculate the highest common factor of 9 and 4617.
9
Calculate the greatest common divisor of 128 and 28.
4
What is the highest common facto